2*x. What is the units digit of x?
0
Let d be (63/12)/(-7)*8. Let z(l) = l**2 - l - 6. What is the units digit of z(d)?
6
Let q = -4 - -7. Let l be 27*(-1 - (-5)/q). Suppose i = -i + l. What is the units digit of i?
9
Suppose -5*m = b + 9, 0 = 2*m - b + 2*b + 6. What is the units digit of 1 - 1/m*5?
6
Let s = -29 - -54. What is the units digit of s?
5
Suppose 4*t + 18 = -y, -2*y - 11 - 5 = 4*t. Suppose -y*d + 3 = j - 0, 0 = -3*j + 5*d + 31. What is the units digit of j?
7
Let u(v) = -4*v - 5. Suppose -4 = -3*d - 19. What is the tens digit of u(d)?
1
Let w = -52 - -29. What is the units digit of -2 - (w - 1)/3?
6
Let o = 12 - 7. Suppose -2*m = 3*g, -7*m + 25 = -2*m - o*g. What is the units digit of m?
3
Let p be 1*(1 - 0 - -19). What is the units digit of 156/p + (-1)/(-5)?
8
Suppose -r + 51 = -4*r. Let i = r + 29. What is the tens digit of i?
1
Let i be 1/(((-6)/9)/(-2)). Suppose -50 = -0*f - 5*f + i*w, -5*f - w = -50. Suppose 0 = -6*l + l + f. What is the units digit of l?
2
Suppose 17 = -s - 4*c, 2*s + 9 = c - 4*c. What is the units digit of s?
3
Let j be -4 + 2 + 0 - -4. Suppose j*x - 9 = -1. Let l = x + 4. What is the units digit of l?
8
Let b(x) = x**3 - 2*x**2 - 4*x + 4. Let u be (-6)/18 - (-44)/6. Let o = u - 4. What is the units digit of b(o)?
1
Suppose -37 = -p - 3. What is the tens digit of p?
3
Suppose -2*s + 2*p - 5*p + 245 = 0, 5*s + 3*p - 617 = 0. What is the hundreds digit of s?
1
Let l = -4 - -2. Let r(b) = 6*b**2 - 3*b - 5. What is the tens digit of r(l)?
2
Suppose r = -2*r + 3. Suppose 2*o = 3*o - r. What is the units digit of o?
1
Let k(t) = -t**2 + 8*t + 4. Let i be -10*(8/(-10) - 0). What is the units digit of k(i)?
4
Suppose 5*d + 47 = -3*w, 67 = -5*d + 5*w + 12. Let q = -5 - d. Suppose 10 = q*v - 4*v. What is the tens digit of v?
1
Let u = 56 - 27. What is the tens digit of u?
2
Let v = -39 - -80. Let p = v - 29. What is the units digit of p?
2
Let g(m) = 6*m**2 - 7*m - 11. Let b(q) = 5*q**2 - 7*q - 10. Let x(s) = -7*b(s) + 6*g(s). Let c be (-4)/14 + (-188)/28. What is the units digit of x(c)?
4
Let j(l) = 3*l**2 + 1 + 27*l - 13*l - 13*l. What is the units digit of j(-1)?
3
What is the tens digit of ((-55)/2)/(-1)*(-1 + 3)?
5
Let k be (-7)/2*(-18)/21. Suppose -2*i + k*i + d - 19 = 0, i - 2*d = 28. What is the units digit of i?
2
Suppose 153 + 19 = 4*s. What is the units digit of s?
3
Suppose 3*y = -2*y. Suppose 3*a + a - 24 = y. What is the units digit of a?
6
Let n = 7 - 4. Suppose n*g - 4*w - 71 = 20, 0 = 4*g + w - 96. What is the tens digit of g?
2
Let u(t) be the second derivative of t**5/20 - t**4/4 + t**2/2 - t. Let j be u(3). Let a = 5 + j. What is the units digit of a?
6
Suppose -2*a = 3*a - 25. Suppose a*q = q + 12. What is the units digit of q?
3
Let c be (-3 + 159)/(3/2). Let y = 580 - c. What is the units digit of y/44 + 4/22?
1
Suppose 3*s + 5*x = -s + 11, 5*s = -x - 2. What is the units digit of (4 + s)/3 - -2?
3
Let r(z) = -z + 1. Suppose 4*m - 2*m = -b, 5*m + 2*b - 1 = 0. Let h(j) = 3*j - 3. Let y(t) = m*h(t) + r(t). What is the tens digit of y(6)?
1
Suppose -2*h + 30 = -n + 4*n, -30 = -3*n + h. What is the tens digit of (-984)/(-20) + (-2)/n?
4
Suppose -25 = -5*j, n - 5*n - 4*j = -176. What is the units digit of n?
9
Let a(o) = -o - 9. Let w be a(10). Let f = w - -49. What is the units digit of f?
0
Suppose 44 = 4*h - 3*k, -4*h + 68 = 3*k + 24. What is the units digit of h?
1
Let p(w) = -2*w - 1. Let k be p(-2). Suppose -3*t = y - 3 - 2, 5*t = -y + k. What is the units digit of y?
8
Let a(t) = 70*t + 24. What is the units digit of a(4)?
4
Suppose -3*s - x = -11, s - 5*x + 3 = -4. Suppose -s*u - m + 5*m = -146, -104 = -2*u - 4*m. What is the units digit of u?
0
Let y(m) = m**2 + 6*m - 1. What is the units digit of y(-7)?
6
Let h(l) = 1 - 3 + 1 - 6*l. Let n be h(-4). Suppose 4*y + 5*x + 8 = 0, 2*y + 2*x + n = 7*y. What is the units digit of y?
3
Let m(u) = -u - 4. Let d be m(-7). Suppose 3*a - 27 = -d*p, 0*p - 5 = -p. Suppose -3*c + 7*c = -4*n + 44, 0 = c + a*n - 14. What is the units digit of c?
0
Let o(z) = -5*z + 1. Let w be o(-2). Let b = w + -8. What is the tens digit of (0 - -11) + 9/b?
1
Suppose 9*y - 374 - 589 = 0. What is the units digit of y?
7
Let g be (10/(-4) + 1)*-2. Suppose -g*i - i = -16. Suppose -v + 12 = i. What is the units digit of v?
8
Let w = -36 - -91. What is the tens digit of w?
5
Let i(v) = v**3 - 8*v**2 - 7*v - 13. What is the tens digit of i(10)?
1
Suppose -3*x + g - 4*g + 21 = 0, 10 = 5*g. Suppose -x*b + 14 = -21. What is the units digit of b?
7
Let j = 180 - 85. Suppose 4*d + d + j = 3*o, -5*o = -5*d - 155. What is the units digit of o?
0
Suppose -3*h - r + 10 = 0, h - 13 - 9 = -5*r. Let w(l) = h*l + 1 - 4*l**2 + l**3 + l + l. What is the units digit of w(3)?
4
Suppose z + 2*o = 6, -z + o = 3*z - 33. Suppose -4*y = -48 + z. What is the units digit of y?
0
Let s(n) = -11*n**3 - n**2 + n - 2. Let h be s(2). Let j = h - -134. What is the units digit of j?
2
Let b be 0/3*3/3. Suppose b = -v - 4*v + 45. What is the units digit of v?
9
Let u = -4 + 5. What is the units digit of -3 - (2/u - 13)?
8
Suppose -4*d = 4*c, -d + c = -6 - 2. Suppose -d*t + 9*t - 115 = 0. What is the units digit of t?
3
Let c(s) = s**2 - 7*s + 7. Let b be c(6). Suppose 3 = i - b. Suppose 0 = g - i*q - 24, -2*q + 52 = 4*g - 8. What is the tens digit of g?
1
Suppose 3*h = -3*l + 207, -h - 2*h - 241 = -4*l. What is the units digit of l?
4
Let f(t) = -16*t - 17. What is the units digit of f(-5)?
3
Suppose -w - w = -4. Suppose -4*o - 5*m = 9, -w + 1 = 3*o - 2*m. What is the units digit of 14*-2*o/4?
7
Let l(w) = -5*w - 1. Let v(p) = -p - 1. Let z(o) = l(o) - 4*v(o). Let s be z(-4). Suppose -r = -s*k + 2*k - 2, -r = -3*k - 6. What is the tens digit of r?
1
What is the hundreds digit of (-4)/(-16) - 5802/(-24)?
2
What is the units digit of (123 + 1)*(-13)/(-52)?
1
Let p(i) = 16*i**3 - 4*i. What is the tens digit of p(2)?
2
Let s(c) = -7*c**3 + 14*c**2 - 15. Let v(g) = 20*g**3 - 41*g**2 + 44. Let d(f) = 17*s(f) + 6*v(f). What is the units digit of d(8)?
9
Suppose -5*t + 8 = -3*t. Suppose 0 = 3*m - 3*p - 23 - 16, -t*m + 3*p = -47. What is the units digit of m?
8
Suppose 5*s = 2*s + 69. Let y be 1*(-1 + s + 3). Let i = -16 + y. What is the units digit of i?
9
Let f = 121 - -62. What is the tens digit of f?
8
Suppose -1 = z - 2*i, -5*z - 5*i - 18 = 17. Let b = 7 + z. Suppose 4*o = b*x + 2, -5*x - 5*o = -0 - 40. What is the units digit of x?
5
Suppose 21 = 3*f + 5*u, -5*u = -2*f - 2*f + 63. Let v(m) = 3*m + 10. What is the tens digit of v(f)?
4
Let f(l) = -l + 3*l - 2*l - l + 5. What is the units digit of f(-4)?
9
Let g = -20 - -21. What is the units digit of g?
1
What is the tens digit of (-5 + 7 - 6) + 62?
5
Suppose -n = 2*u - 55, -2*u + 0*n + 43 = 5*n. What is the units digit of u?
9
Let p(y) = 19*y + 2. Let q be p(6). Suppose n + q = 3*l, 0 = -2*l + 5*n + 115 - 16. What is the units digit of l?
7
What is the hundreds digit of -4 - ((-724)/4 + 1)?
1
Suppose 3*i = 4*i - 12. Suppose 4*u - i = 3*u. What is the units digit of u?
2
Suppose -2*s + 3*a + 0*a + 169 = 0, -5*a = -3*s + 256. What is the tens digit of s?
7
Suppose 3*l = -0*l + 78. What is the tens digit of l?
2
Suppose -s = -2*s + 19. Let i = -10 + s. What is the units digit of i?
9
Let l be -1 + 18/3 - -1. Suppose -l = 4*n - 26. Let h = 11 - n. What is the units digit of h?
6
Suppose 4*f + 4*q + 17 = -3, -2*q = 4*f + 16. What is the tens digit of 344/(-8)*(f - -2)?
4
Suppose -4*o + o = 5*x - 178, -310 = -5*o - 5*x. What is the tens digit of o?
6
Suppose -3 = i - 48. Suppose i + 15 = 2*t. What is the tens digit of t?
3
Let g = 2 + -3. Let r = g + 1. Suppose -w + 2*w - 5 = r. What is the units digit of w?
5
Let u = -3 - -6. Suppose 0 = u*a, 4*t = -t - 5*a. Suppose t*p - 2*d - 21 = -5*p, 0 = -5*p - 4*d + 33. What is the units digit of p?
5
Let n(g) be the third derivative of 1/120*g**6 + 1/6*g**3 + 0*g - g**2 + 1/12*g**4 + 0 + 0*g**5. What is the units digit of n(2)?
3
Let w = -13 + 9. Let y(b) = b**3 + 6*b**2 + 7*b + 4. What is the units digit of y(w)?
8
Let m = -4 - 1. Let q be ((-2)/4)/((-1)/(-24)). Let t = m - q. What is the units digit of t?
7
Let k = 53 + -2. What is the units digit of k?
1
Suppose -2*u - 3*p + 11 = 0, 2*u + p - 1 = 20. What is the units